 f = a - -7. Let z = f + 14. Is z a multiple of 3?
True
Let f = 2213 + -1743. Is 10 a factor of f?
True
Let h = -3 - -1. Let b be 54/h*(-12)/18. Does 19 divide b + -1*(-2 - 1)?
False
Let j(g) = -47*g - 65. Does 16 divide j(-6)?
False
Does 126 divide (-12783)/(-6) + (-5)/((-60)/(-6))?
False
Let y be (-3)/(-5) - 7/(175/165). Let i(n) = 12*n**3 + 2*n**2 + n. Let b be i(-1). Let r = y - b. Is r a multiple of 5?
True
Suppose 4*q + 0 = -16. Let l = 2 - q. Suppose 2*k - l*k + 168 = 0. Is k a multiple of 18?
False
Is (1480/16)/((-5)/(-10)) a multiple of 6?
False
Suppose 4*x - 3*d - 43 = 0, 0 = 5*d + 30 - 5. Suppose 2*r - 4*g - 36 = 0, x*r - 108 = 2*r + 4*g. Is r a multiple of 13?
False
Suppose -y = -6*y + 10. Let b = y - 0. Suppose -3*z = -b*z - 38. Is 18 a factor of z?
False
Let p be (-2)/6 - 38/(-6). Suppose 3*m - 5*t - 8 = 8, -2*m + p = -t. Suppose -3*f = -m*f - 4*a - 15, a = -5*f + 33. Is f a multiple of 7?
True
Suppose -4*n + 0*u - 5*u = -427, 0 = 5*n + 2*u - 555. Is 24 a factor of n?
False
Let x(q) = q**3 + 2*q**2 - 2*q + 228. Let z be x(0). Suppose 0 = -4*v - 5*k + 260, -2*k - z = -4*v + 60. Does 5 divide v?
True
Let r be (-52)/182 + 5/(-7). Is (58 + 2)*(0 - r) a multiple of 12?
True
Let j = 317 + -202. Let x be 4/(-16) - j/4. Let c = 63 + x. Does 19 divide c?
False
Let f(y) = y**2 - 5*y - 3. Let u be f(5). Is 1*((144 - u) + 3) a multiple of 15?
True
Let c = -3 + -18. Is 24 a factor of 2/6 - 791/c?
False
Suppose 8*g = 6*g + 432. Is 8 a factor of g?
True
Is 22 a factor of 85085/170 + (-1)/(-2)?
False
Let s = 93 - 50. Suppose -6*d + 191 = -s. Is 11 a factor of d?
False
Let f = -265 - -555. Suppose 5*z - f = 75. Is z a multiple of 31?
False
Let h be (-3 - -1)/(-4)*0. Suppose 204 = -h*c + 5*c - 3*s, 0 = 5*c - 2*s - 201. Let g = 58 - c. Is 5 a factor of g?
False
Suppose -34*v + 30*v + 1368 = 0. Is 9 a factor of v?
True
Let g(p) = -p**3 - 7*p**2 + 2*p - 5. Let v be g(-6). Let z(h) = -2*h**2 - 12*h - 9. Let c be z(-10). Let r = v - c. Does 18 divide r?
True
Let p(x) be the second derivative of x**5/20 - x**4/12 - x. Let l be p(0). Suppose 2*c - 3*c + 71 = l. Is c a multiple of 18?
False
Does 16 divide ((-2336)/12)/(57/(-18) - -3)?
True
Suppose k + 5*a = -0*k + 286, 4*k - 1213 = 3*a. Is 28 a factor of k?
False
Let r(k) = k**3 - 19*k**2 - 20*k + 4. Let q be r(20). Suppose -q*v = -47 - 13. Does 5 divide v?
True
Let c(h) = 4*h + 688. Is c(-32) a multiple of 5?
True
Let u(n) be the first derivative of -n**4 + 4*n**3/3 + 5*n**2/2 + n + 11. Is u(-2) a multiple of 10?
False
Let r = 85 - 34. Let d = 33 + r. Let i = d + -47. Is 8 a factor of i?
False
Is ((-3056)/64)/((-6)/384) a multiple of 11?
False
Suppose -3*l = 4*l + 308. Is 10/(-55) - 580/l a multiple of 13?
True
Suppose 5*o - 273 = -3*s + 996, 0 = -3*o - 4*s + 757. Is 15 a factor of o?
True
Is 74 a factor of (5572/8 - 3)*(5 - 1)?
False
Is 1/14 - (-34639)/938 a multiple of 34?
False
Let y be (12/16)/3 - 2/8. Suppose 4*k - 5*k + 55 = y. Is 14 a factor of k?
False
Let j be 1 - 2 - (0 - 1). Let n = j + 4. Suppose 77 = n*z - 3. Does 5 divide z?
True
Let t be 5/(-4) - 1323/(-28). Suppose -2*s = -2*h - 0*s + t, -4*s = -3*h + 74. Suppose h = w + q, q - 51 = -3*w - q. Is 8 a factor of w?
False
Suppose 3*v - 672 = -v. Suppose -12 = 2*o - v. Suppose 0*s - o = -3*s. Is s a multiple of 13?
True
Let f(z) = 37*z + 9. Let j be 1/(-3) + 95/15. Suppose -11*m + 15 = -j*m. Is 40 a factor of f(m)?
True
Let u = 302 + -28. Is u a multiple of 30?
False
Suppose -2*j + 56 = 2*g, -g + 4*j + 4 + 4 = 0. Suppose 15 = 3*k + 2*k. Suppose -k*o = v - 152, -o + v + 4*v = -g. Is 9 a factor of o?
False
Let d = 7 - 11. Let f = d - -3. Let b(m) = -21*m. Is b(f) a multiple of 9?
False
Let g(k) = 7*k**3 - 5*k**2 + 8*k + 7. Is g(3) a multiple of 62?
False
Let o(f) = -f + 31. Let c be o(0). Let b = -53 + c. Let w = b - -30. Is 8 a factor of w?
True
Suppose 5*t + 25 = 4*n, 4*n + 0*t = 2*t + 10. Suppose 3*f + 36 = -h - 2*h, n = 3*h + 2*f + 38. Let u = 21 + h. Is u a multiple of 4?
False
Let p(z) = 7*z + 89. Is 20 a factor of p(-7)?
True
Let u = 78 + -30. Let z = 11 + -9. Is u*(z/(-8) + 1) a multiple of 12?
True
Let u = 921 + -646. Does 8 divide u?
False
Suppose 4*o - 537 = 2919. Is 13 a factor of o?
False
Let w = 425 + 131. Does 24 divide w?
False
Suppose -31*g + 32 = -27*g. Suppose 160 + 320 = g*n. Does 6 divide n?
True
Suppose -2*q = -5*w + 1 - 36, -q = 5*w + 35. Let u(b) = b**2 - 9*b - 8. Is 26 a factor of u(w)?
True
Let d be 36/(-10) - -4 - 26/(-10). Suppose 8*k = d*k - 5, -4*k - 130 = -2*h. Is 8 a factor of h?
False
Suppose 3*f - 2713 = -652. Suppose 0*w - f = -3*w. Is 31 a factor of w?
False
Let q = 17 - 13. Suppose -5*c - q*c + 1161 = 0. Is 34 a factor of c?
False
Let c(t) = -3*t**2 - 88*t - 13. Is c(-13) a multiple of 13?
True
Let u(t) = 24*t**2 - 16*t - 70. Does 86 divide u(-11)?
True
Suppose -4*b + 9*b - 2*q - 20 = 0, 5*b - 4*q = 30. Suppose -o + b*n = 4, 4*n - 12 = -4*o + 8*o. Is 7 a factor of o/5 - 2556/(-90)?
True
Suppose 599*p - 540 = 595*p. Is p a multiple of 9?
True
Let w be 524/(-6) - (-12)/(-18). Let i = -179 - w. Does 19 divide 0 - 2 - -6 - i?
True
Let h = -942 + 1425. Is h a multiple of 44?
False
Let j(y) be the second derivative of y**5/120 + 3*y**4/8 + y**3 - 5*y. Let h(q) be the second derivative of j(q). Does 4 divide h(0)?
False
Suppose 2*j + p - 16 = 27, -3*j + 3*p = -69. Let f(g) = g**2 - 19*g + 1. Does 18 divide f(j)?
False
Let g(y) be the third derivative of 17*y**5/20 - y**4/6 + y**3/2 - 19*y**2. Does 10 divide g(1)?
True
Let u(i) = 474*i**2 + 4*i + 2. Does 41 divide u(3)?
False
Let r = -75 - 17. Let u = r - -135. Does 11 divide u?
False
Suppose 5*v - 2*v = -w + 13, 0 = 2*w + 3*v - 20. Suppose 0 = x - w*x + 714. Is 12 a factor of x?
False
Let b(q) = -q**2 + 2*q + 1. Let w(i) = i. Let k(o) = -b(o) + 6*w(o). Let p be k(-5). Suppose m - 118 = -3*a, -m + 606 = p*m - a. Is 38 a factor of m?
False
Let i = -576 - -281. Let n be i/(-10) + (-2)/4. Suppose 0 = 3*k - 13 - n. Is k a multiple of 6?
False
Let a(l) = l**2 - 7*l + 4. Suppose 3*x + 15 = 0, 17 = -0*w + w - 3*x. Let k = 13 - w. Is a(k) a multiple of 23?
False
Does 24 divide ((-12)/(-15))/(((-28)/(-1920))/7)?
True
Let t be (-5 + 13)*(-10)/8. Let a = 70 + t. Does 21 divide a - -6*3/6?
True
Suppose 31745 - 977 = 48*l. Does 15 divide l?
False
Let b(d) = -d**2 - 15*d - 6. Let x be (-28)/70 - 33/5. Does 10 divide b(x)?
True
Suppose -i - 4*g - 18 = -7, g - 21 = -5*i. Suppose 5*f - 2*f = -2*u + 130, -94 = -2*f - i*u. Is f a multiple of 42?
True
Let j = 3078 - 2634. Is 16 a factor of j?
False
Let g be (12 + -4)*(-82)/8. Let z be (10/(-6))/(1/96). Let p = g - z. Is p a multiple of 15?
False
Suppose 0 = 4*g - 173 + 29. Is g even?
True
Suppose 12*u - 2304 = 3*u. Does 16 divide u?
True
Let y(p) = 7*p**2 + 11. Let s(d) = -6*d**2 - 11. Let l(o) = -6*s(o) - 5*y(o). Is l(0) a multiple of 9?
False
Suppose 37*v - 2 = 36*v. Suppose 0 = -3*d + v*h + 19 + 20, 15 = 2*d - 5*h. Is 7 a factor of d?
False
Let g = -22 - 26. Is g/24*(1 - 9) a multiple of 3?
False
Let m(t) = 61*t + 1. Let c(u) = -3*u + 12*u + 12*u**2 - u**3 + 8*u + 14 - 5*u. Let h be c(13). Does 13 divide m(h)?
False
Suppose 0 = -3*t - v + 163, -6*t - 5*v = -8*t + 103. Is t a multiple of 5?
False
Does 76 divide (-5)/4 - (298260/(-80) + -3)?
False
Let o = 2085 - 2073. Let z be (1/(-2))/((-2)/20). Does 25 divide (30*z)/(o - 10)?
True
Let w = 14 - 24. Let z(i) = -10*i + 16. Is 29 a factor of z(w)?
True
Let l = -100 + 226. Is l a multiple of 14?
True
Is 1881/6 - (11/(-2) - -4) a multiple of 45?
True
Suppose 4*r + 6 = -3*o - 4, -5*o + 6 = r. Is (5 - 10) + o - -21 a multiple of 11?
False
Let i(r) = r**2 + 7*r - 10. Let z be (-12)/(-4) + -3 + 0. Suppose z*d - 11 = d. Is i(d) a multiple of 10?
False
Suppose 3*x - 356 = 2*w + x, -5*w = 3*x + 898. Let v = 25 - w. Suppose -2*k + 7*k - s - v = 0, 5*s + 220 = 5*k. Is k a multiple of 20?
True
Let p = -119 + 122. Suppose -7*d + p*d + 180 = 0. Does 18 divide d?
False
Suppose -2*f + 3*i + 2380 = i, 5946 = 5*f - 3*i. Does 12 divide f?
True
Suppose -w + 414 = 5*g, 0 = -4*g + w + 386 - 53. Suppose -4*q = 3*j - 435, -q + 26 + g = j. Is q a multiple of 30?
False
Suppose -3*v - 30 = -2*v + 5*c, c = -3*v - 20. Let g = v + -4. Does 13 divide 2 + (3 - (g - -1))?
True
Suppose b = 7*b. Suppose b = -3*c - 3*